of 3365008?
0
What is the units digit of 598373?
3
What is the thousands digit of 313839?
3
What is the hundred thousands digit of 2221007?
2
What is the hundreds digit of 7901913?
9
What is the tens digit of 10313811?
1
What is the tens digit of 5561390?
9
What is the units digit of 8189071?
1
What is the hundred thousands digit of 1109461?
1
What is the hundreds digit of 435458?
4
What is the thousands digit of 11683119?
3
What is the hundred thousands digit of 6103097?
1
What is the ten thousands digit of 490656?
9
What is the hundred thousands digit of 8721149?
7
What is the hundreds digit of 198134?
1
What is the tens digit of 68041?
4
What is the thousands digit of 7672563?
2
What is the tens digit of 1278545?
4
What is the tens digit of 3312683?
8
What is the tens digit of 119695?
9
What is the ten thousands digit of 874115?
7
What is the tens digit of 631562?
6
What is the tens digit of 551170?
7
What is the hundreds digit of 717594?
5
What is the hundred thousands digit of 564105?
5
What is the ten millions digit of 38931677?
3
What is the hundred thousands digit of 1720538?
7
What is the thousands digit of 4799297?
9
What is the units digit of 1296416?
6
What is the millions digit of 4733628?
4
What is the units digit of 275944?
4
What is the units digit of 8297940?
0
What is the units digit of 7375902?
2
What is the hundreds digit of 278530?
5
What is the thousands digit of 201245?
1
What is the ten thousands digit of 3019156?
1
What is the units digit of 2490788?
8
What is the hundred thousands digit of 382099?
3
What is the millions digit of 6637315?
6
What is the hundreds digit of 431278?
2
What is the thousands digit of 81703?
1
What is the ten thousands digit of 873139?
7
What is the tens digit of 733860?
6
What is the millions digit of 1216707?
1
What is the units digit of 11091393?
3
What is the millions digit of 3548879?
3
What is the hundreds digit of 1022759?
7
What is the thousands digit of 3289606?
9
What is the ten thousands digit of 203876?
0
What is the tens digit of 1341165?
6
What is the millions digit of 1433984?
1
What is the units digit of 9569310?
0
What is the millions digit of 3018963?
3
What is the thousands digit of 413922?
3
What is the thousands digit of 1846546?
6
What is the units digit of 2063322?
2
What is the ten thousands digit of 9616527?
1
What is the units digit of 192086?
6
What is the tens digit of 6390785?
8
What is the hundreds digit of 1768935?
9
What is the hundreds digit of 168260?
2
What is the ten thousands digit of 4155095?
5
What is the thousands digit of 5483900?
3
What is the tens digit of 13861?
6
What is the units digit of 8393245?
5
What is the units digit of 4448336?
6
What is the tens digit of 1330761?
6
What is the hundreds digit of 1538619?
6
What is the thousands digit of 10459747?
9
What is the thousands digit of 79650?
9
What is the hundreds digit of 14274823?
8
What is the hundreds digit of 230147?
1
What is the thousands digit of 361444?
1
What is the tens digit of 1594411?
1
What is the hundred thousands digit of 776911?
7
What is the ten millions digit of 21433763?
2
What is the tens digit of 326384?
8
What is the thousands digit of 178124?
8
What is the ten thousands digit of 1960119?
6
What is the thousands digit of 402469?
2
What is the tens digit of 4321407?
0
What is the hundred thousands digit of 2363051?
3
What is the hundreds digit of 321080?
0
What is the ten thousands digit of 161037?
6
What is the tens digit of 1203531?
3
What is the tens digit of 67975?
7
What is the hundred thousands digit of 2335785?
3
What is the ten thousands digit of 2391067?
9
What is the ten thousands digit of 9311846?
1
What is the ten thousands digit of 367933?
6
What is the millions digit of 9696741?
9
What is the ten thousands digit of 259849?
5
What is the hundreds digit of 1320812?
8
What is the hundred thousands digit of 710337?
7
What is the millions digit of 28955832?
8
What is the tens digit of 2999303?
0
What is the ten thousands digit of 14477771?
7
What is the units digit of 6967428?
8
What is the tens digit of 214473?
7
What is the units digit of 385254?
4
What is the tens digit of 18661646?
4
What is the thousands digit of 1001031?
1
What is the hundreds digit of 72719?
7
What is the millions digit of 1226745?
1
What is the millions digit of 1086304?
1
What is the millions digit of 2624897?
2
What is the millions digit of 6756611?
6
What is the thousands digit of 6906073?
6
What is the tens digit of 1415118?
1
What is the units digit of 33246682?
2
What is the ten thousands digit of 174064?
7
What is the thousands digit of 515099?
5
What is the thousands digit of 11003373?
3
What is the ten millions digit of 26830207?
2
What is the thousands digit of 960600?
0
What is the thousands digit of 231526?
1
What is the millions digit of 13768943?
3
What is the tens digit of 245808?
0
What is the hundreds digit of 215875?
8
What is the units digit of 3114486?
6
What is the units digit of 1806712?
2
What is the hundred thousands digit of 1680378?
6
What is the tens digit of 533418?
1
What is the thousands digit of 23171352?
1
What is the thousands digit of 475881?
5
What is the ten thousands digit of 208793?
0
What is the hundred thousands digit of 1442963?
4
What is the thousands digit of 12261?
2
What is the tens digit of 67587?
8
What is the ten thousands digit of 14854?
1
What is the hundred thousands digit of 385591?
3
What is the hundreds digit of 14443116?
1
What is the hundred thousands digit of 337622?
3
What is the thousands digit of 2645977?
5
What is the hundreds digit of 632892?
8
What is the hundreds digit of 20555?
5
What is the units digit of 40766?
6
What is the ten thousands digit of 19693845?
9
What is the hundred thousands digit of 143119?
1
What is the hundred thousands digit of 1776437?
7
What is the hundreds digit of 51190?
1
What is the hundreds digit of 3392590?
5
What is the millions digit of 1115464?
1
What is the thousands digit of 1216444?
6
What is the hundreds digit of 487945?
9
What is the hundred thousands digit of 9087218?
0
What is the units digit of 242091?
1
What is the hundred thousands digit of 616840?
6
What is the millions digit of 1222779?
1
What is the units digit of 5341694?
4
What is the thousands digit of 20489266?
9
What is the hundred thousands digit of 38912563?
9
What is the tens digit of 19065277?
7
What is the ten thousands digit of 67943?
6
What is the ten thousands digit of 865538?
6
What is the ten thousands digit of 9961239?
6
What is the hundred thousands digit of 5400683?
4
What is the thousands digit of 643533?
3
What is the tens digit of 22766886?
8
What is the units digit of 149421?
1
What is the ten thousands digit of 1905915?
0
What is the hundreds digit of 8192886?
8
What is the tens digit of 2397811?
1
What is the hundred thousands digit of 6136013?
1
What is the millions digit of 10201504?
0
What is the thousands digit of 33773034?
3
What is the hundreds digit of 111232?
2
What is the units digit of 14993118?
8
What is the hundreds digit of 544719?
7
What is the millions digit of 11377771?
1
What is the thousands digit of 93660?
3
What is the tens digit of 1354263?
6
What is the units digit of 117292?
2
What is the tens digit of 63131?
3
What is the units digit of 3522567?
7
What is the ten millions digit of 10438733?
1
What is the ten thousands digit of 1535088?
3
What is the hundreds digit of 9130477?
4
What is the hundreds digit of 333686?
6
What is the tens digit of 1905012?
1
What is the hundreds digit of 1199442?
4
What is the thousands digit of 25837?
5
What is the hundred thousands digit of 327901?
3
What is the units digit of 647461?
1
What is the millions digit of 10167554?
0
What is the hundreds digit of 284616?
6
What is the hundreds digit of 15508153?
1
What is the hundreds digit of 2199307?
3
What is the tens digit of 174722?
2
What is the thousands digit of 10837013?
7
What is the hundred thousands digit of 15935849?
9
What is the ten thousands digit of 485970?
8
What is the hundred thousands digit of 252486?
2
What is the ten thousands digit of 923475?
2
What is the units digit of 7871028?
8
What is the tens digit of 1758689?
8
What is the thousands digit of 2061774?
1
What is the hundred thous